{"id":49,"date":"2022-02-24T11:12:30","date_gmt":"2022-02-24T10:12:30","guid":{"rendered":"https:\/\/www.mucchase.de\/?page_id=49"},"modified":"2022-03-10T17:37:53","modified_gmt":"2022-03-10T16:37:53","slug":"tutorial","status":"publish","type":"page","link":"https:\/\/www.mucchase.de\/?page_id=49","title":{"rendered":"Infos"},"content":{"rendered":"<p>Sch\u00f6n, dass Sie den Weg zu uns gefunden haben. Nachfolgend beantworten wir die h\u00e4ufigsten Fragen im Zusammenhang mit der Teilnahme an unserer digitalen Schnitzeljagd.<\/p>\n<div class=\"su-spoiler su-spoiler-style-default su-spoiler-icon-arrow su-spoiler-closed\" data-scroll-offset=\"0\" data-anchor-in-url=\"no\"><div class=\"su-spoiler-title\" tabindex=\"0\" role=\"button\"><span class=\"su-spoiler-icon\"><\/span>Was ist MUC<strong>Chase<\/strong>? <\/div><div class=\"su-spoiler-content su-u-clearfix su-u-trim\">Hinter MUC<strong>Chase<\/strong> verbirgt sich eine digitale Schnitzeljagd, die durch modernste Umsetzungen Umweltbildung direkt in der Lebenswelt der Jugendlichen platziert. MUC<strong>Chase<\/strong> ist ein Konzept des <a href=\"https:\/\/www.responsivefashion.institute\/\">Responsive Fashion Institute<\/a> und wird durch die <a href=\"https:\/\/www.ehw-stiftung.de\/stiftung\/\">Edith-Haberland-Wagner-Stiftung<\/a> und das <a href=\"https:\/\/stadt.muenchen.de\/infos\/portrait-referat-klima-umweltschutz.html\">Referat f\u00fcr Klima- und Umweltschutz der Landeshauptstadt M\u00fcnchen<\/a> gef\u00f6rdert. <\/div><\/div>\n<div class=\"su-spoiler su-spoiler-style-default su-spoiler-icon-arrow su-spoiler-closed\" data-scroll-offset=\"0\" data-anchor-in-url=\"no\"><div class=\"su-spoiler-title\" tabindex=\"0\" role=\"button\"><span class=\"su-spoiler-icon\"><\/span>Wie funktioniert MUC<strong>Chase<\/strong>? <\/div><div class=\"su-spoiler-content su-u-clearfix su-u-trim\"><span data-contrast=\"auto\">Mithilfe der <\/span><b><span data-contrast=\"auto\">Instagram-App k\u00f6nnen QR-Codes mit einem Smartphone gescannt <\/span><\/b><span data-contrast=\"auto\">werden. Dadurch werden die Themen nicht nur sichtbar, sondern auch durch <\/span><b><span data-contrast=\"auto\">Augmented Reality<\/span><\/b><span data-contrast=\"auto\"> erlebbar. Die Teilnehmer*innen d\u00fcrfen\/sollen eine Frage beantworten und \/ oder eine Aktion an den einzelnen Stationen durchf\u00fchren. Zur Teilnahme und Dokumentation wird eine <\/span><b><span data-contrast=\"auto\">Antwort in Form eines Fotos oder Videos<\/span><\/b><span data-contrast=\"auto\"> entweder <\/span><b><span data-contrast=\"auto\">als Post oder Story<\/span><\/b><span data-contrast=\"auto\"> durch die teilnehmenden Personen ver\u00f6ffentlicht oder wenn bevorzugt, nicht \u00f6ffentlich gepostet, sondern privat als pers\u00f6nliche \u201edirekte Nachricht\u201c (DM) an den Instagram-Kanal <a href=\"https:\/\/www.instagram.com\/mucchase\/\">@mucchase<\/a><\/span><span data-contrast=\"auto\"> gesendet.\u00a0<\/span><span data-contrast=\"auto\">Beim Story Posten sollte der Instagram Kanal @mucchaseund getaggt und, wenn m\u00f6glich, zus\u00e4tzlich folgende Hastags (#) und Tags (@) verwendet werden:<\/span><span data-ccp-props=\"{&quot;201341983&quot;:0,&quot;335551550&quot;:6,&quot;335551620&quot;:6,&quot;335559739&quot;:160,&quot;335559740&quot;:360}\">\u00a0<\/span><\/p>\n<p>@responsivefashion<br \/>\n@clothesfriends<br \/>\n@theorispresent<\/p>\n<p>#slowfashion<br \/>\n#endfastfashion<br \/>\n#rethink<br \/>\n#responsivefashion<br \/>\n#mucchase <\/div><\/div>\n<div class=\"su-spoiler su-spoiler-style-default su-spoiler-icon-arrow su-spoiler-closed\" data-scroll-offset=\"0\" data-anchor-in-url=\"no\"><div class=\"su-spoiler-title\" tabindex=\"0\" role=\"button\"><span class=\"su-spoiler-icon\"><\/span>Digitale Schnitzeljagd \u2013 Wo starte ich? <\/div><div class=\"su-spoiler-content su-u-clearfix su-u-trim\"><span class=\"TextRun Highlight SCXW98195593 BCX0\" lang=\"DE-DE\" xml:lang=\"DE-DE\" data-contrast=\"auto\"><span class=\"NormalTextRun SCXW98195593 BCX0\" data-ccp-charstyle=\"normaltextrun\" data-ccp-charstyle-defn=\"{&quot;ObjectId&quot;:&quot;28a98e2d-124c-47ee-a055-90a34888438e|159&quot;,&quot;ClassId&quot;:1073872969,&quot;Properties&quot;:[469775450,&quot;normaltextrun&quot;,201340122,&quot;1&quot;,134233614,&quot;true&quot;,469778129,&quot;normaltextrun&quot;,335572020,&quot;1&quot;,469778324,&quot;Default Paragraph Font&quot;]}\">Den Startpunkt der digitalen Schnitzeljagd finden Sie auf dem @mucchase Instagram Account. <\/span><\/span><span class=\"TextRun Highlight SCXW98195593 BCX0\" lang=\"DE-DE\" xml:lang=\"DE-DE\" data-contrast=\"auto\"><span class=\"NormalTextRun SCXW98195593 BCX0\" data-ccp-charstyle=\"normaltextrun\">Zus\u00e4tzliche<\/span> <span class=\"NormalTextRun SCXW98195593 BCX0\" data-ccp-charstyle=\"normaltextrun\">Tipps und Hintergrundinformationen gibt es auch hier auf unserer Webseite. Sie entscheiden selbst, wie einfach Sie das Finden der Stationen gestalten. <\/span><span class=\"NormalTextRun SCXW98195593 BCX0\" data-ccp-charstyle=\"normaltextrun\">Der Startpunkt befindet sich in der Stadtmitte, auf dem Marienplatz. <\/span><span class=\"NormalTextRun SCXW98195593 BCX0\" data-ccp-charstyle=\"normaltextrun\">Wir empfehlen hier zu beginnen und die Station im Glockenbachviertel als letzte Station zu w\u00e4hlen. Hier ist ein direkter Kontakt zu den Inhaberinnen m\u00f6glich.\u00a0<\/span><\/span><span class=\"EOP SCXW98195593 BCX0\" data-ccp-props=\"{&quot;201341983&quot;:0,&quot;335559739&quot;:160,&quot;335559740&quot;:360}\">\u00a0<\/span> <\/div><\/div>\n<div class=\"su-spoiler su-spoiler-style-default su-spoiler-icon-arrow su-spoiler-closed\" data-scroll-offset=\"0\" data-anchor-in-url=\"no\"><div class=\"su-spoiler-title\" tabindex=\"0\" role=\"button\"><span class=\"su-spoiler-icon\"><\/span>Wie finde ich die Stationen? <\/div><div class=\"su-spoiler-content su-u-clearfix su-u-trim\"><span class=\"TextRun Highlight SCXW78633293 BCX0\" lang=\"DE-DE\" xml:lang=\"DE-DE\" data-contrast=\"auto\"><span class=\"NormalTextRun SCXW78633293 BCX0\" data-ccp-charstyle=\"normaltextrun\" data-ccp-charstyle-defn=\"{&quot;ObjectId&quot;:&quot;28a98e2d-124c-47ee-a055-90a34888438e|159&quot;,&quot;ClassId&quot;:1073872969,&quot;Properties&quot;:[469775450,&quot;normaltextrun&quot;,201340122,&quot;1&quot;,134233614,&quot;true&quot;,469778129,&quot;normaltextrun&quot;,335572020,&quot;1&quot;,469778324,&quot;Default Paragraph Font&quot;]}\">Die Stationen finden Sie auf einer Karte, die <\/span><span class=\"NormalTextRun SCXW78633293 BCX0\" data-ccp-charstyle=\"normaltextrun\">hier oder <\/span><span class=\"NormalTextRun SCXW78633293 BCX0\" data-ccp-charstyle=\"normaltextrun\">auf dem Instagram Account @mucchase hinterlegt <\/span><span class=\"NormalTextRun SCXW78633293 BCX0\" data-ccp-charstyle=\"normaltextrun\">sind. Die Stationen sind mit einem Stern auf der Karte markiert und in der empfohlenen Reihenfolge nummeriert.<\/span><\/span>\u00a0<\/div><\/div>\n<div class=\"su-spoiler su-spoiler-style-default su-spoiler-icon-arrow su-spoiler-closed\" data-scroll-offset=\"0\" data-anchor-in-url=\"no\"><div class=\"su-spoiler-title\" tabindex=\"0\" role=\"button\"><span class=\"su-spoiler-icon\"><\/span>Muss ich mich anmelden? <\/div><div class=\"su-spoiler-content su-u-clearfix su-u-trim\">Alle Nutzer*innen, die \u00fcber einen Instagram-Account verf\u00fcgen k\u00f6nnen an der MUC<strong>Chase<\/strong> teilnehmen. Um die Animationen sehen zu k\u00f6nnen, muss also mindestens eine Person einen Instagram-Account haben. F\u00fcr eine reibungslose Nutzung sollte die aktuellste Version der Instagram Software auf dem Smartphone installiert sein. <strong>Eine offizielle Anmeldung \u00fcber die Umwelt-Akademie e.V. begr\u00fc\u00dfen wir, wenn Sie mit einer Schulklasse teilnehmen<\/strong>. <\/div><\/div>\n<div class=\"su-spoiler su-spoiler-style-default su-spoiler-icon-arrow su-spoiler-closed\" data-scroll-offset=\"0\" data-anchor-in-url=\"no\"><div class=\"su-spoiler-title\" tabindex=\"0\" role=\"button\"><span class=\"su-spoiler-icon\"><\/span>Welche Technik\/Software ben\u00f6tige ich? <\/div><div class=\"su-spoiler-content su-u-clearfix su-u-trim\">\n<p><span data-contrast=\"auto\">Sie bzw. die Teilnehmer*innen ben\u00f6tigen ein Smartphone welches QR-Codes scannen kann. <\/span><span data-ccp-props=\"{&quot;201341983&quot;:0,&quot;335559739&quot;:160,&quot;335559740&quot;:360}\">\u00a0<\/span><\/p>\n<p><b><span data-contrast=\"auto\">Wichtig:<\/span><\/b><span data-contrast=\"auto\"> Es sollte die aktuelle Version der Instagram App runtergeladen sein <\/span><span data-contrast=\"auto\">?<\/span><span data-contrast=\"auto\">.<\/span><span data-ccp-props=\"{&quot;201341983&quot;:0,&quot;335559739&quot;:160,&quot;335559740&quot;:360}\">\u00a0<\/span><\/p>\n<\/div><\/div>\n<div class=\"su-spoiler su-spoiler-style-default su-spoiler-icon-arrow su-spoiler-closed\" data-scroll-offset=\"0\" data-anchor-in-url=\"no\"><div class=\"su-spoiler-title\" tabindex=\"0\" role=\"button\"><span class=\"su-spoiler-icon\"><\/span>Wer darf mitmachen? <\/div><div class=\"su-spoiler-content su-u-clearfix su-u-trim\">Alle Personen mit einem Instagram Account ab 14 Jahren k\u00f6nnen teilnehmen. Das \u00f6ffentliche oder private Teilen von Posts, Stories, Videos oder Nachrichten ist freiwillig. Die Teilnehmenden k\u00f6nnen auch ohne Interaktion mit Social-Media die Stationen aufsuchen und die Filter erleben. Nat\u00fcrlich k\u00f6nnen auch Familien mit j\u00fcngeren Kindern teilnehmen, wenn die Eltern als Erziehungsberechtigte einen Instagram Account besitzen. In diesem Fall liegt die Verantwortung bei den Erziehungsberechtigten und ein Teilen von Stories, Videos oder Antworten liegt in der Verantwortung der Eltern. Minderj\u00e4hrige Teilnehmer*innen unter<strong> 14 Jahren d\u00fcrfen (rein rechtlich) keinen Instagram Account besitzen<\/strong> und k\u00f6nnen daher nicht alleine an der MUC<strong>Chase<\/strong> teilnehmen <\/div><\/div>\n<div class=\"su-spoiler su-spoiler-style-default su-spoiler-icon-arrow su-spoiler-closed\" data-scroll-offset=\"0\" data-anchor-in-url=\"no\"><div class=\"su-spoiler-title\" tabindex=\"0\" role=\"button\"><span class=\"su-spoiler-icon\"><\/span>Wie oft darf ich mitmachen? <\/div><div class=\"su-spoiler-content su-u-clearfix su-u-trim\"><span data-contrast=\"auto\">Die Teilnahme ist unbegrenzt m\u00f6glich. Das bedeutet alle Teilnehmenden k\u00f6nnen beliebig h\u00e4ufig die Stationen scannen, die Filter ausprobieren und Posts \/ Stories verfassen.\u00a0<\/span><\/div><\/div>\n<div class=\"su-spoiler su-spoiler-style-default su-spoiler-icon-arrow su-spoiler-closed\" data-scroll-offset=\"0\" data-anchor-in-url=\"no\"><div class=\"su-spoiler-title\" tabindex=\"0\" role=\"button\"><span class=\"su-spoiler-icon\"><\/span>Was gibt es zu gewinnen? <\/div><div class=\"su-spoiler-content su-u-clearfix su-u-trim\">Unter allen Einsendungen, also Uploads von Antworten per Post\/Story oder DM (direkte Nachricht), werden die Preise verlost. Die Preise werden zeitnah auf dem Instagram Account @mucchase verk\u00fcndet.<\/p>\n<p>1. Preis: Meet &amp; Greet mit Influencer (der Name wird in K\u00fcrze auf dem <a href=\"https:\/\/www.instagram.com\/mucchase\/\">@mucchase<\/a> Instagram Account kommuniziert)<\/p>\n<p>2. &#8211; 9. Preis: 10 x \u20ac 20 Gutscheine f\u00fcr die CLOTHESfriends App https:\/\/<a href=\"http:\/\/www.clothes-friends.com\" target=\"_blank\" rel=\"noopener\">www.clothes-friends.com<\/a>\/<\/div><\/div>\n<div class=\"su-spoiler su-spoiler-style-default su-spoiler-icon-arrow su-spoiler-closed\" data-scroll-offset=\"0\" data-anchor-in-url=\"no\"><div class=\"su-spoiler-title\" tabindex=\"0\" role=\"button\"><span class=\"su-spoiler-icon\"><\/span>Wie kann ich gewinnen? <\/div><div class=\"su-spoiler-content su-u-clearfix su-u-trim\">\n<p><span data-contrast=\"auto\">Durch das \u00f6ffentliche Posten der Antwort auf die gestellten Fragen ODER die Einsendung der Antwort per DM an @mucchase.\u00a0<\/span><span data-ccp-props=\"{&quot;201341983&quot;:0,&quot;335559739&quot;:160,&quot;335559740&quot;:259}\">\u00a0<\/span><\/p>\n<p><span data-contrast=\"auto\">Die Auslosung der Gewinner*innen erfolgt Anfang April und wird auf unserem Instagram Account @mucchase ver\u00f6ffentlicht.\u00a0<\/span><\/div><\/div>\n<div class=\"su-spoiler su-spoiler-style-default su-spoiler-icon-arrow su-spoiler-closed\" data-scroll-offset=\"0\" data-anchor-in-url=\"no\"><div class=\"su-spoiler-title\" tabindex=\"0\" role=\"button\"><span class=\"su-spoiler-icon\"><\/span>Sind meine Daten sicher? <\/div><div class=\"su-spoiler-content su-u-clearfix su-u-trim\"><span class=\"TextRun Highlight SCXW123305735 BCX0\" lang=\"DE-DE\" xml:lang=\"DE-DE\" data-contrast=\"auto\"><span class=\"NormalTextRun SCXW123305735 BCX0\" data-ccp-charstyle=\"normaltextrun\" data-ccp-charstyle-defn=\"{&quot;ObjectId&quot;:&quot;28a98e2d-124c-47ee-a055-90a34888438e|159&quot;,&quot;ClassId&quot;:1073872969,&quot;Properties&quot;:[469775450,&quot;normaltextrun&quot;,201340122,&quot;1&quot;,134233614,&quot;true&quot;,469778129,&quot;normaltextrun&quot;,335572020,&quot;1&quot;,469778324,&quot;Default Paragraph Font&quot;]}\">Alle <\/span><span class=\"NormalTextRun SCXW123305735 BCX0\" data-ccp-charstyle=\"normaltextrun\">Posts\/DM oder Feedbacks <\/span><span class=\"NormalTextRun SCXW123305735 BCX0\" data-ccp-charstyle=\"normaltextrun\">werden zu Evaluationszwecken und zur Verbesserung der digitalen Lehre ausgewertet, dar\u00fcber hinaus werden <\/span><span class=\"NormalTextRun SCXW123305735 BCX0\" data-ccp-charstyle=\"normaltextrun\">durch die Umwelt-Akademie e.V. <\/span><span class=\"NormalTextRun SCXW123305735 BCX0\" data-ccp-charstyle=\"normaltextrun\">keine personenbezogenen <\/span><span class=\"NormalTextRun SCXW123305735 BCX0\" data-ccp-charstyle=\"normaltextrun\">Daten erhoben. <\/span><span class=\"NormalTextRun SCXW123305735 BCX0\" data-ccp-charstyle=\"normaltextrun\">Die eingesendeten<\/span> <span class=\"NormalTextRun SCXW123305735 BCX0\" data-ccp-charstyle=\"normaltextrun\">pers\u00f6nlichen <\/span><\/span><span class=\"TextRun SCXW123305735 BCX0\" lang=\"DE-DE\" xml:lang=\"DE-DE\" data-contrast=\"auto\"><span class=\"NormalTextRun SCXW123305735 BCX0\" data-ccp-charstyle=\"normaltextrun\">Nachrichten (<\/span><span class=\"NormalTextRun SCXW123305735 BCX0\" data-ccp-charstyle=\"normaltextrun\">D<\/span><span class=\"NormalTextRun SCXW123305735 BCX0\" data-ccp-charstyle=\"normaltextrun\">M) w<\/span><span class=\"NormalTextRun SCXW123305735 BCX0\" data-ccp-charstyle=\"normaltextrun\">erden<\/span><\/span><span class=\"TextRun Highlight SCXW123305735 BCX0\" lang=\"DE-DE\" xml:lang=\"DE-DE\" data-contrast=\"auto\"><span class=\"NormalTextRun SCXW123305735 BCX0\" data-ccp-charstyle=\"normaltextrun\"> nicht ver\u00f6ffentlicht. <\/span><span class=\"NormalTextRun SCXW123305735 BCX0\" data-ccp-charstyle=\"normaltextrun\">Mit der Nutzung der Instagram App und der Teilnahme an der Bildungsma\u00dfnahme, darunter das \u00f6ffentliche Teilen von Stories oder Posts, stimmen die Teilnehmenden dem Erheben der Daten zu. <\/span><span class=\"NormalTextRun SCXW123305735 BCX0\" data-ccp-charstyle=\"normaltextrun\">Die Teilnehmenden sind nicht zum Posten oder Teilen von Stories verpflichtet. <\/span><span class=\"NormalTextRun SCXW123305735 BCX0\" data-ccp-charstyle=\"normaltextrun\">Wir \u00fcbernehmen keine Haftung f\u00fcr die Verarbeitung der Daten durch Instagram und Metaverse (ehem. Facebook). Hiermit verweise ich Sie auch auf unsere DSGVO-konforme <a href=\"https:\/\/www.mucchase.de\/?page_id=3&amp;preview=true\" target=\"_blank\" rel=\"noopener\">Datenschutzerkl\u00e4rung<\/a>, welche Sie auf unserer Webseite unter Impressum finden.\u00a0<\/span><\/span><span class=\"EOP SCXW123305735 BCX0\" data-ccp-props=\"{&quot;201341983&quot;:0,&quot;335551550&quot;:6,&quot;335551620&quot;:6,&quot;335559739&quot;:160,&quot;335559740&quot;:360}\">\u00a0<\/span> <\/div><\/div>\n<div class=\"su-spoiler su-spoiler-style-default su-spoiler-icon-arrow su-spoiler-closed\" data-scroll-offset=\"0\" data-anchor-in-url=\"no\"><div class=\"su-spoiler-title\" tabindex=\"0\" role=\"button\"><span class=\"su-spoiler-icon\"><\/span>Wie viel Zeit muss ich rechnen? <\/div><div class=\"su-spoiler-content su-u-clearfix su-u-trim\"><span data-contrast=\"auto\">Dazu k\u00f6nnen wir leider nicht viel sagen, denn das kommt ganz auf die Teilnehmer*innen an. Wie viele Stationen werden gesucht? Wie schnell werden die einzelnen Stationen gefunden? M\u00f6chten alle Teilnehmer*innen einen Preis gewinnen und Posten deswegen einen Beitrag? Wie schnell bewegen sich die Teilnehmer*innen fort.\u00a0<\/span><span data-ccp-props=\"{&quot;201341983&quot;:0,&quot;335551550&quot;:6,&quot;335551620&quot;:6,&quot;335559739&quot;:160,&quot;335559740&quot;:360}\">\u00a0<\/span><\/p>\n<p><span data-contrast=\"auto\">Konzipiert ist MUC<\/span><b><i><span data-contrast=\"auto\">Chase<\/span><\/i><\/b><span data-contrast=\"auto\"> f\u00fcr ca. zwei Stunden.\u00a0<\/span><span data-ccp-props=\"{&quot;201341983&quot;:0,&quot;335551550&quot;:6,&quot;335551620&quot;:6,&quot;335559739&quot;:160,&quot;335559740&quot;:360}\">\u00a0<\/span><\/div><\/div>\n<div class=\"su-spoiler su-spoiler-style-default su-spoiler-icon-arrow su-spoiler-closed\" data-scroll-offset=\"0\" data-anchor-in-url=\"no\"><div class=\"su-spoiler-title\" tabindex=\"0\" role=\"button\"><span class=\"su-spoiler-icon\"><\/span>Welchen Lerneffekt hat die MUC<strong>Chase<\/strong>?<\/div><div class=\"su-spoiler-content su-u-clearfix su-u-trim\"><span class=\"TextRun Highlight SCXW232188865 BCX0\" lang=\"DE-DE\" xml:lang=\"DE-DE\" data-contrast=\"auto\"><span class=\"NormalTextRun SCXW232188865 BCX0\" data-ccp-charstyle=\"normaltextrun\" data-ccp-charstyle-defn=\"{&quot;ObjectId&quot;:&quot;28a98e2d-124c-47ee-a055-90a34888438e|159&quot;,&quot;ClassId&quot;:1073872969,&quot;Properties&quot;:[469775450,&quot;normaltextrun&quot;,201340122,&quot;1&quot;,134233614,&quot;true&quot;,469778129,&quot;normaltextrun&quot;,335572020,&quot;1&quot;,469778324,&quot;Default Paragraph Font&quot;]}\">Wir bieten einen Impuls, der zum Beispiel als <\/span><\/span><span class=\"TextRun Highlight SCXW232188865 BCX0\" lang=\"DE-DE\" xml:lang=\"DE-DE\" data-contrast=\"auto\"><span class=\"NormalTextRun SCXW232188865 BCX0\" data-ccp-charstyle=\"normaltextrun\">Einstieg in das Thema Fast<\/span> <span class=\"NormalTextRun SCXW232188865 BCX0\" data-ccp-charstyle=\"normaltextrun\">Fashion<\/span><\/span><span class=\"TextRun Highlight SCXW232188865 BCX0\" lang=\"DE-DE\" xml:lang=\"DE-DE\" data-contrast=\"auto\"><span class=\"NormalTextRun SCXW232188865 BCX0\" data-ccp-charstyle=\"normaltextrun\"> genutzt werden kann. Wie viel die Teilnehmer*innen von den Stationen pers\u00f6nlich mitnehmen ist sicherlich sehr individuell. Durch das Eintauchen und Erleben und den spielerischen Ansatz <\/span><span class=\"NormalTextRun SCXW232188865 BCX0\" data-ccp-charstyle=\"normaltextrun\">erhoffen wir uns einen <\/span><span class=\"NormalTextRun SCXW232188865 BCX0\" data-ccp-charstyle=\"normaltextrun\">anderen Zugang, besonders bei Menschen, die sich dem Themenbereich <\/span><span class=\"NormalTextRun SpellingErrorV2 SCXW232188865 BCX0\" data-ccp-charstyle=\"normaltextrun\">nachhaltge<\/span><span class=\"NormalTextRun SCXW232188865 BCX0\" data-ccp-charstyle=\"normaltextrun\"> Mode bislang nicht ge\u00f6ffnet haben.\u00a0<\/span><\/span><span class=\"EOP SCXW232188865 BCX0\" data-ccp-props=\"{&quot;201341983&quot;:0,&quot;335559739&quot;:160,&quot;335559740&quot;:360}\">\u00a0<\/span><\/div><\/div>\n<div class=\"su-spoiler su-spoiler-style-default su-spoiler-icon-arrow su-spoiler-closed\" data-scroll-offset=\"0\" data-anchor-in-url=\"no\"><div class=\"su-spoiler-title\" tabindex=\"0\" role=\"button\"><span class=\"su-spoiler-icon\"><\/span>Welche Form der Nachbereitung ist noch notwendig und wie viel k\u00f6nnen wir als MUC<strong>Chase<\/strong> dazu bieten?<\/div><div class=\"su-spoiler-content su-u-clearfix su-u-trim\"><span class=\"TextRun SCXW48810032 BCX0\" lang=\"DE-DE\" xml:lang=\"DE-DE\" data-contrast=\"none\"><span class=\"NormalTextRun SCXW48810032 BCX0\">Auch diese Frage kann aufgrund der individuellen Teilnahmevoraussetzungen nicht pauschal beantwortet werden. <\/span><span class=\"NormalTextRun SCXW48810032 BCX0\">Wir bieten Impulse und eine <a href=\"https:\/\/www.instagram.com\/mucchase\/\" target=\"_blank\" rel=\"noopener\">Plattform<\/a>, in der Raum f\u00fcr Austausch und Ideen erm\u00f6glicht wird. Zudem finden Sie im &#8222;<a href=\"https:\/\/www.mucchase.de\/?page_id=63\" target=\"_blank\" rel=\"noopener\">Download<\/a>&#8222;-Bereich Unterrichtsmaterial und unter &#8222;<a href=\"https:\/\/www.mucchase.de\/?page_id=102\" target=\"_blank\" rel=\"noopener\">interessante Links<\/a>&#8220; weiterf\u00fchrende Infos und die Studien, auf denen unsere Filter basieren. Unser Ziel ist es, das Thema Fast Fashion und die Auswirkungen unseres Konsums in der <\/span><span class=\"NormalTextRun SCXW48810032 BCX0\">\u00d6ffentlichkeit zu platzieren, um Gespr\u00e4che anzuregen, zum Nachdenken \u00fcber den eigenen Lebensstil zu bewegen und um Alternativen zum bisherigen Verhalten zu transportieren.\u00a0<\/span><\/span><span class=\"EOP SCXW48810032 BCX0\" data-ccp-props=\"{&quot;134233117&quot;:true,&quot;134233118&quot;:true,&quot;201341983&quot;:0,&quot;335551550&quot;:6,&quot;335551620&quot;:6,&quot;335559739&quot;:160,&quot;335559740&quot;:360}\">\u00a0<\/span> <\/div><\/div>\n<p>Haben Sie weitere Fragen? Einfach das Kontaktformular ausf\u00fcllen. Wir melden uns schnellstm\u00f6glich bei Ihnen.<\/p>\n\n<p>&nbsp;<\/p>\n<p>&nbsp;<\/p>\n<p>&nbsp;<\/p>\n<p>&nbsp;<\/p>\n","protected":false},"excerpt":{"rendered":"<p>Sch\u00f6n, dass Sie den Weg zu uns gefunden haben. Nachfolgend beantworten wir die h\u00e4ufigsten Fragen im Zusammenhang mit der Teilnahme an unserer digitalen Schnitzeljagd. Haben Sie weitere Fragen? Einfach das Kontaktformular ausf\u00fcllen. Wir melden uns schnellstm\u00f6glich bei Ihnen. &nbsp; &nbsp; &nbsp; &nbsp;<\/p>\n","protected":false},"author":1,"featured_media":0,"parent":0,"menu_order":0,"comment_status":"closed","ping_status":"closed","template":"","meta":{"footnotes":""},"class_list":["post-49","page","type-page","status-publish","hentry"],"jetpack_sharing_enabled":true,"_links":{"self":[{"href":"https:\/\/www.mucchase.de\/index.php?rest_route=\/wp\/v2\/pages\/49","targetHints":{"allow":["GET"]}}],"collection":[{"href":"https:\/\/www.mucchase.de\/index.php?rest_route=\/wp\/v2\/pages"}],"about":[{"href":"https:\/\/www.mucchase.de\/index.php?rest_route=\/wp\/v2\/types\/page"}],"author":[{"embeddable":true,"href":"https:\/\/www.mucchase.de\/index.php?rest_route=\/wp\/v2\/users\/1"}],"replies":[{"embeddable":true,"href":"https:\/\/www.mucchase.de\/index.php?rest_route=%2Fwp%2Fv2%2Fcomments&post=49"}],"version-history":[{"count":41,"href":"https:\/\/www.mucchase.de\/index.php?rest_route=\/wp\/v2\/pages\/49\/revisions"}],"predecessor-version":[{"id":225,"href":"https:\/\/www.mucchase.de\/index.php?rest_route=\/wp\/v2\/pages\/49\/revisions\/225"}],"wp:attachment":[{"href":"https:\/\/www.mucchase.de\/index.php?rest_route=%2Fwp%2Fv2%2Fmedia&parent=49"}],"curies":[{"name":"wp","href":"https:\/\/api.w.org\/{rel}","templated":true}]}}